010100102
c2abc5 (base 14) to base 2
11001000001101011101001
Convert 54102 (base 10) to base 2.
1101001101010110
-9861 (base 10) to base 6
-113353
What is -2506f3 (base 16) in base 9?
-4507614
What is -133303431 (base 5) in base 9?
-1248150
What is 110100000011100011010 (base 2) in base 9?
3178762
What is -97595 (base 11) in base 7?
-1130253
-3321721 (base 10) to base 7
-40143214
What is 1122020020 (base 3) in base 5?
2012434
What is -14831712 (base 10) in base 7?
-240032100
1201111122010 (base 3) to base 13
260841
Convert 3032033312 (base 4) to base 8.
3161766
What is -6405522 (base 8) in base 15?
-23aade
What is 1124313424 (base 5) in base 7?
30604266
What is -10111001000101010 (base 2) in base 5?
-11013022
What is 1237394 (base 10) in base 7?
13342364
Convert 564004 (base 7) to base 9.
161827
Convert 4500342 (base 6) to base 12.
aa6b2
-43055012 (base 6) to base 14
-24dba0
-445266 (base 8) to base 16
-24ab6
1101110102 (base 3) to base 5
1333213
What is 22012120300 (base 4) in base 3?
11222111211021
Convert 646aab (base 13) to base 11.
136a951
-5801418 (base 10) to base 2
-10110001000010111001010
What is 125484 (base 11) in base 15?
3d80e
What is 2286111 (base 10) in base 5?
1041123421
Convert 100001010000100101011101 (base 2) to base 16.
85095d
10000101222122 (base 3) to base 4
12013030130
1929363 (base 10) to base 2
111010111000010010011
e7af5a (base 16) to base 2
111001111010111101011010
-190538 (base 15) to base 5
-302404203
-101011000110111101111 (base 2) to base 4
-11120313233
Convert 120b1b (base 16) to base 13.
3252cb
Convert -246052 (base 7) to base 13.
-17818
81d18 (base 15) to base 8
1443273
What is -1077844 (base 9) in base 5?
-122130114
-2321121 (base 4) to base 6
-130533
What is -631721 (base 9) in base 4?
-1123213330
-142551212 (base 6) to base 3
-12112021121222
1461661 (base 8) to base 3
210021101210
What is 1590ad (base 14) in base 2?
10111000010001000001
Convert 20acf (base 16) to base 4.
200223033
What is 1305440 (base 8) in base 14?
9657a
Convert -575b15 (base 12) to base 9.
-2562738
Convert -2106565 (base 7) to base 4.
-332013313
Convert 4517296 (base 10) to base 12.
161a214
What is -111221111021 (base 3) in base 16?
-4301e
What is -98421 (base 10) in base 14?
-27c21
What is 12310323 (base 6) in base 8?
1411253
-32330131123 (base 4) to base 12
-138b1b7
What is -530446 (base 9) in base 11?
-1a5981
What is -3250748 (base 9) in base 14?
-336349
Convert 134828 (base 11) to base 12.
a2340
Convert 2624533 (base 7) to base 14.
8cbc3
Convert 803740 (base 10) to base 3.
1111211112011
413021110 (base 5) to base 6
100111001
661366 (base 8) to base 12
a8532
What is 81332 (base 9) in base 4?
31003301
Convert 68630 (base 11) to base 5.
11134003
What is 7555122 (base 9) in base 7?
46304033
Convert -1021202222222 (base 3) to base 12.
-290182
What is -1262512 (base 9) in base 11?
-431aa1
Convert 5107066 (base 9) to base 8.
12303211
What is 424566 (base 7) in base 8?
217737
25005350 (base 6) to base 12
323856
-461625 (base 8) to base 5
-20002230
-13214405 (base 6) to base 10
-437765
What is -b467f (base 16) in base 12?
-2b7767
Convert -10044377 (base 9) to base 10.
-4812442
What is 10220102200 (base 3) in base 9?
126380
-11000011001110010100 (base 2) to base 8
-3031624
Convert 84a881 (base 11) to base 3.
2120011101222
-402009 (base 13) to base 4
-11223222213
What is -30d42a (base 14) in base 11?
-a2770a
What is 1dcaa6 (base 15) in base 8?
5444266
Convert 649113 (base 10) to base 15.
cc4e3
What is 421987 (base 13) in base 16?
17978b
What is -5361230 (base 8) in base 6?
-50424040
What is 1124a2 (base 13) in base 5?
100430211
22210100 (base 3) to base 4
1210020
Convert -a86a86 (base 11) to base 7.
-20522634
Convert -1001000011111101 (base 2) to base 8.
-110375
What is 23344211 (base 5) in base 16?
34a04
-82467b (base 12) to base 6
-111420235
What is -10211211020021 (base 3) in base 13?
-567208
What is -46351200 (base 7) in base 13?
-ac3404
What is 122041041 (base 5) in base 15?
b7131
-13013030121 (base 4) to base 3
-10111201120120
What is 2bb956 (base 15) in base 12?
85ba60
cd0af3 (base 16) to base 5
11420001213
What is -98384 (base 10) in base 4?
-120001100
Convert 1111014413 (base 6) to base 9.
24661150
What is -3843c (base 13) in base 4?
-121120302
Convert 11104413312 (base 5) to base 3.
211221002022020
Convert 10000111110010101001 (base 2) to base 14.
1069a9
What is -211132133 (base 5) in base 9?
-1581473
Convert 310104 (base 5) to base 10.
10029
Convert -14921a (base 11) to base 12.
-b2215
Convert -1200020 (base 3) to base 5.
-14341
Convert 158213 (base 9) to base 5.
11112420
e79ad8 (base 16) to base 11
8627887
Convert 45369 (base 14) to base 11.
1052a7
-1ac6829 (base 13) to base 16
-87c210
What is 211110110221211 (base 3) in base 2?
101101100010011000111111
292a1 (base 11) to base 12
200ba
103046662 (base 7) to base 3
102112102102201
-42324200 (base 5) to base 13
-c571c
-1081470 (base 10) to base 16
-10807e
What is -4302 (base 10) in base 11?
-3261
What is -42371242 (base 8) in base 2?
-100010011111001010100010
What is 31620652 (base 7) in base 3?
12001212211011
277562 (base 8) to base 14
27ab8
What is -197a85 (base 11) in base 9?
-512215
Convert 4b0bbc (base 14) to base 5.
1124414234
What is -a096a (base 13) in base 15?
-5a17e
What is -12458 (base 10) in base 6?
-133402
Convert 169478a (base 13) to base 7.
116143032
What is 29941 (base 14) in base 13?
3806c
32ab8 (base 12) to base 16
106ac
Convert -396706 (base 10) to base 3.
-202011011211
What is 11344433 (base 5) in base 11?
72905
2020420321 (base 5) to base 3
21200002200102
-1300210 (base 7) to base 5
-20340200
-a7794 (base 14) to base 9
-676335
Convert -13331055 (base 7) to base 16.
-12d641
1976414 (base 10) to base 4
13202201132
What is -11011000012111 (base 3) in base 7?
-24511351
Convert -222010 (base 3) to base 9.
-863
Convert -356065 (base 11) to base 6.
-20033011
-193404 (base 10) to base 3
-100211022010
What is -4fc9 (base 16) in base 9?
-31014
What is -10233130232 (base 4) in base 15?
-19841b
660412 (base 8) to base 10
221450
Convert -10375 (base 10) to base 8.
-24207
Convert 47a86 (base 14) to base 16.
2ab66
What is 1001000011000001111 (base 2) in base 13?
a4c2b
Convert 42011444 (base 5) to base 4.
1110020300
What is 103121011 (base 4) in base 6?
1411421
-1406215 (base 7) to base 13
-671a1
Convert d11927 (base 14) to base 12.
2432ba7
Convert 32012201 (base 4) to base 6.
1123225
113130330 (base 4) to base 11
66198
102100011 (base 4) to base 7
430644
Convert -3a3832 (base 12) to base 5.
-221211410
What is 42005130 (base 6) in base 16?
1286ee
-30513 (base 8) to base 13
-5989
What is 2123130122 (base 5) in base 2?
10001001011110111001101
What is 31122001 (base 4) in base 14?
16025
What is -2344156 (base 7) in base 16?
-48751
What is -4663541 (base 7) in base 11?
-371150
Convert -3602016 (base 7) to base 15.
-8e9e3
1413421 (base 9) to base 2
10111101101000011000
daecb (base 16) to base 13
255201
13040003 (base 7) to base 11
740150
What is 1101143542 (base 6) in base 7?
202310114
-1110000121121 (base 3) to base 15
-1028aa
Convert -2a0bb99 (base 12) to base 13.
-19ac355
What is 161514 (base 9) in base 10?
99562
What is 1061612 (base 8) in base 15?
5a351
Convert 6364642 (base 7) to base 10.
772417
What is 22530033 (base 6) in base 8?
2517245
-23253510 (base 7) to base 8
-7635725
150352032 (base 6) to base 7
35300522
Convert 1b17b4 (base 12) to base 6.
14141144
Convert 331d71 (base 15) to base 7.
26465140
Convert 110303003313 (base 4) to base 9.
11228683
Convert -4835b (base 13) to base 11.
-90527
What is 13d85b (base 14) in base 2?
10101000100011011001
-1314431 (base 5) to base 3
-1022222220
Convert -2013131320 (base 4) to base 10.
-554872
4156116 (base 8) to base 13
2c8c40
Convert -59c06 (base 16) to base 8.
-1316006
What is -34a6767 (base 12) in base 2?
-100110110011011010111111
What is -14da089 (base 14) in base 6?
-1002442201
What is 1468a28 (base 11) in base 10?
2515499
What is 102220222200 (base 3) in base 16?
394e9
110005 (base 12) to base 13
95915
What is 167763 (base 8) in base 15?
13302
-3305014 (base 6) to base 5
-20230021
201111010122121 (base 3) to base 13
21b7883
Convert 1001100111100000001 (base 2) to base 15.
63592
Convert -73367574 (base 8) to base 15.
-15803